 0 + 1/(1/11) is divided by j(-7).
3
Let o(h) = -h**3 + 8*h**2 + 12*h - 14. What is the remainder when 25 is divided by o(9)?
12
Suppose 4*i = 94 + 10. Calculate the remainder when i is divided by 6.
2
Let q = 3 + -4. What is the remainder when (-3 + (-2)/q)*-7 is divided by 4/(-6) + 42/9?
3
Suppose -4*a + 64 = 4*t, -4*t = -4*a - 2*t + 52. Calculate the remainder when 26 is divided by a.
12
Let z(c) = 6*c + 3. Let v be 4/6 - 13/(-3). What is the remainder when z(v) is divided by 18?
15
Let m(s) = 6*s**2 - 5. What is the remainder when 33 is divided by m(-2)?
14
Let u(n) = 26 + 8*n + 0*n + 2*n + 9*n. Let i(y) = -10*y - 13. Let l(q) = -5*i(q) - 3*u(q). Calculate the remainder when l(-9) is divided by 17.
16
Let m(d) = d**3 - 3*d**2 + 3*d - 3. Suppose 0 = -5*n + 4*t + 11, -2*t = 5*n + 3 - 20. Calculate the remainder when 10 is divided by m(n).
4
Let a be 11/66 - (-239)/6. Suppose 2*w + 8 = 28. Calculate the remainder when -42*(a/12)/(-5) is divided by w.
8
Let c = -28 - -53. What is the remainder when c is divided by 14?
11
Suppose 2*n - 6*n = -288. Suppose -k + f = 3*f - 11, n = 4*k + f. Calculate the remainder when k is divided by 7.
5
Let c(q) = q**3 - 5*q**2 + 6*q + 2. Let u be c(5). Suppose -3*w = -5*h - 41, -5*w + 15 = -3*h - u. Calculate the remainder when 18 is divided by w.
4
Let u = 0 + 4. Calculate the remainder when -3 - -1 - -36 - 6 is divided by (u/(-3))/((-6)/45).
8
Suppose -v + 0*a + 3*a + 27 = 0, 2*v - 4*a = 50. Calculate the remainder when v is divided by 9.
3
What is the remainder when (1 - -18) + 3 + 0 is divided by 12?
10
Let g(u) = u**3 + u**2. Let y(d) = -5*d**3 - 14*d**2 + 3*d + 8. Let n(s) = -4*g(s) - y(s). Let l(o) = -o. What is the remainder when n(-10) is divided by l(-6)?
4
Suppose 0 = -0*q - 3*q + 12. What is the remainder when 12 is divided by q?
0
Suppose f - 86 = 74. Calculate the remainder when f is divided by 27.
25
Suppose v = 3*v - 22. Let h = 67 - 26. What is the remainder when h is divided by v?
8
Let n(z) = 8*z - 11. What is the remainder when 83 is divided by n(5)?
25
Suppose -2 = -r, -5*b + 2*r - 7*r + 40 = 0. Suppose b*x - 32 = 4*x. Let y = -12 - -59. What is the remainder when y is divided by x?
15
Suppose -2*t + 8 = -3*t + k, -4*k - 12 = 0. Let d(u) = -u - 3. Calculate the remainder when 30 is divided by d(t).
6
Let v(c) = -c + 10. Let w be v(8). Let f be (-2)/8 - w/(-8). What is the remainder when 19 is divided by ((f - -14)*1)/2?
5
Suppose 4*m - 2*j + j + 7 = 0, -m + 3 = -5*j. Let a = m + 25. What is the remainder when 44 is divided by a?
21
Let k(h) = 16*h**3 - 2*h**2 + h. Let a = -47 + 90. What is the remainder when a is divided by k(1)?
13
Suppose 3*c + 3 = 4*c. Let n be 43*3/(9/c). Let y = n + -24. What is the remainder when y is divided by 10?
9
Suppose 2*r - 6 = 3*r. Let o = r + 20. Suppose 4*p - 19 = 1. Calculate the remainder when o is divided by p.
4
Suppose 5 = 5*o, 2*m - m - 9 = -4*o. What is the remainder when 9 is divided by m?
4
What is the remainder when 36 is divided by 15 + (3 - 1) + -4?
10
Let k(m) = -m + 2. Calculate the remainder when 26 is divided by k(-5).
5
Let k = -30 - -66. Calculate the remainder when k is divided by 14.
8
Suppose i = -s + 68, 4*s - 52 = 3*s - 5*i. Calculate the remainder when s is divided by 21.
9
Let m be (-280)/(-50) - (-6)/(-10). Suppose -4*a = -6*a. Suppose -m*v + 2*v + 54 = a. Calculate the remainder when 51 is divided by v.
15
Suppose 2*t - 4*l = 24, -3*l - 2 - 7 = 3*t. Suppose -2*m + t + 4 = 0. Suppose 0 = -7*y + m*y + 12. Calculate the remainder when 4 is divided by y.
1
Suppose 5*a - 47 - 33 = 0. Let c = 29 - a. What is the remainder when c is divided by 4?
1
Let i(f) = 2*f**3 + 74*f**2 - 78*f - 66. Suppose -5*z - 190 = -10*z. Calculate the remainder when z is divided by i(-38).
8
Let c = -13 - -21. Calculate the remainder when 15 is divided by c.
7
Let t(o) = o**2 + o. Let r be t(1). Suppose -2*w + w = -r*a + 11, -10 = -5*w - 3*a. Calculate the remainder when (w - -3)/(2/4) is divided by 2.
0
Let n be 1/(-6) + 245/30. Calculate the remainder when (-1260)/(-33) + n/(-44) is divided by 13.
12
Suppose 5*z = 2*t - 75, -z = 4*t + z - 114. What is the remainder when t is divided by 8?
6
Let j(k) = -29*k - 9. Let c(g) = -15*g - 4. Let h(d) = -13*c(d) + 6*j(d). What is the remainder when h(2) is divided by 21?
19
Let r(a) = -5*a**3 - a**2 + 1. Let k be r(-1). Let j(u) = -u**3 + 5*u**2 + 2*u + 6. What is the remainder when 46 is divided by j(k)?
14
Suppose -3*q = s - 12, 0*q + 4*q - 35 = 5*s. Suppose q*p + 5*j - 4*j = 69, 0 = 3*p - 2*j - 31. What is the remainder when 24 is divided by p?
11
Let t = 5 - 8. Suppose 2*y - 24 = -y. What is the remainder when 28 + 2*t/(-6) is divided by y?
5
Suppose 3*a - 27 = -3*j, 2*j - 2*a = 3*a + 18. Suppose x + 16 = 5*x. Suppose i + x*o - 26 = -i, 15 = i + o. What is the remainder when i is divided by j?
8
Let a be 53 + 1 - (-1 - 3). Suppose -4*p = -0*b + 2*b - a, -2*p = -3*b + 47. What is the remainder when b is divided by 7?
5
Let r be 2 - 2*(-1)/2. Suppose -4*c - 44 = -5*b, -r*b = -8*b - 4*c + 76. What is the remainder when 47 is divided by b?
11
Let h be (-2)/6*0/(-2). Suppose h = -5*w - 0*w + 70. What is the remainder when w is divided by 4?
2
Let f = 6 - -13. Suppose -3*m = -5*x + 49, 3*x + 3*m - 39 = -0*m. What is the remainder when f is divided by x?
8
Let s(o) = -3*o**3 + o. Let f be s(-1). Suppose f*h - 6 = 0, 5*k + 8 - 27 = -3*h. Suppose -5*j + k*j = -27. What is the remainder when 25 is divided by j?
7
Let j be (-1 + -2)/((-1)/5). Let t = 42 - j. Calculate the remainder when 79 is divided by t.
25
Let j(k) = -4*k + 3*k**2 - 2 + 5 + 0*k. Calculate the remainder when j(2) is divided by 4.
3
Let m be 14 - (-4)/(2 + -4). Suppose 3*n - n = 8. Calculate the remainder when 56/m*(-6)/(-4) is divided by n.
3
Suppose -t + 0*p - 3*p = -7, p - 72 = -4*t. Calculate the remainder when 74 is divided by t.
17
Let m(j) = 2*j + 2. Let q be (-2)/9 + (-4)/(-18). Calculate the remainder when 8/4 + q + 36 is divided by m(4).
8
Let l(p) = p**3 - 8*p**2 + 11*p - 23. Calculate the remainder when 33 is divided by l(7).
3
Suppose 4*n = 8*n + 84. Let k = n - -35. What is the remainder when 40 is divided by k?
12
Let r = 29 + -12. What is the remainder when 32 is divided by r?
15
Let f = 24 - 10. What is the remainder when 139 is divided by f?
13
Let t = 6 - 1. Suppose 5*p - 3 = 2*p. Calculate the remainder when t is divided by (-6)/(p - 3) + 0.
2
Let a = -8 - -4. Let o be (a + 0)*(-22)/(-8). Let j = o - -17. What is the remainder when 17 is divided by j?
5
Suppose -2*r = -r + 62. What is the remainder when (0 + r)*1/(-2) is divided by (30/4 + -2)/((-11)/(-22))?
9
Let n(z) = z**3 - 14*z**2 - 13*z - 4. What is the remainder when n(15) is divided by 15?
11
Let b(y) = -4*y - 3. What is the remainder when 65 is divided by b(-5)?
14
Suppose 0*i = -4*i - 28. Let g = 14 + i. Calculate the remainder when 19 is divided by g.
5
Suppose -2*n + 2*w = -0*w - 50, 22 = 2*n + 5*w. Let f = 50 - n. What is the remainder when f is divided by 10?
9
Let l = 194 - 104. Let t = l - 56. Calculate the remainder when t is divided by (39/(-21) + 1)*-14.
10
Let w = -9 + 14. Suppose -3*p - 106 = -w*p. What is the remainder when p is divided by 28?
25
Let r(w) = w**3 - 7*w**2 + 6*w + 7. Let d be r(6). Let u be 4/(-10) + d/5. Calculate the remainder when (-1)/((u - 3)/6) is divided by 2.
1
Let j be (-3 - 4)/(-1 + 0). What is the remainder when 642/42 + (-2)/j is divided by 5?
0
Suppose 4 = -4*h - 8. Calculate the remainder when 1/(-3)*63/h is divided by 2.
1
Suppose 4*h - 40 = -3*u, 0 = 4*u - 6*u + 4*h. Let c(d) = -9*d - 6. Calculate the remainder when c(-4) is divided by u.
6
Let k = 19 + 7. Suppose -x + k = 10. What is the remainder when 46 is divided by x?
14
Let u(d) = -4*d - 66. Let t = 1 + 1. What is the remainder when u(-17) is divided by t?
0
Suppose -15 = -m + 4. Calculate the remainder when m is divided by 5.
4
Let n = -98 - -105. What is the remainder when 57 is divided by n?
1
Let f(a) = a + 2. Let l = 6 - 4. Suppose -l*p = -0*p - 52. What is the remainder when p is divided by f(7)?
8
Let o(p) = 3*p + 2. Calculate the remainder when o(9) is divided by 48/4 + 2 + 2.
13
Suppose -2*a + 194 = -5*p, -4*a + 412 = 3*p - p. Calculate the remainder when a is div